t are the prime factors of 10183?
17, 599
List the prime factors of 8699.
8699
What are the prime factors of 49?
7
What are the prime factors of 28045?
5, 71, 79
List the prime factors of 98436.
2, 3, 13, 631
List the prime factors of 652.
2, 163
What are the prime factors of 145806?
2, 3, 19, 1279
What are the prime factors of 1449?
3, 7, 23
List the prime factors of 1217.
1217
What are the prime factors of 173?
173
List the prime factors of 7889.
7, 23
What are the prime factors of 15536?
2, 971
List the prime factors of 9392.
2, 587
List the prime factors of 83385.
3, 5, 17, 109
What are the prime factors of 19174?
2, 9587
What are the prime factors of 7814?
2, 3907
What are the prime factors of 255?
3, 5, 17
List the prime factors of 13206.
2, 3, 31, 71
List the prime factors of 9794.
2, 59, 83
What are the prime factors of 241?
241
What are the prime factors of 1954?
2, 977
What are the prime factors of 51387?
3, 7, 2447
List the prime factors of 3935.
5, 787
List the prime factors of 161.
7, 23
List the prime factors of 29161.
11, 241
What are the prime factors of 120?
2, 3, 5
List the prime factors of 16239.
3, 5413
List the prime factors of 33963.
3, 11321
List the prime factors of 41465.
5, 8293
List the prime factors of 7664.
2, 479
What are the prime factors of 7225?
5, 17
What are the prime factors of 1877?
1877
What are the prime factors of 184?
2, 23
List the prime factors of 89662.
2, 127, 353
What are the prime factors of 3426?
2, 3, 571
What are the prime factors of 5438?
2, 2719
List the prime factors of 72068.
2, 43, 419
List the prime factors of 579.
3, 193
List the prime factors of 5898.
2, 3, 983
What are the prime factors of 56156?
2, 101, 139
List the prime factors of 17548.
2, 41, 107
What are the prime factors of 175?
5, 7
List the prime factors of 2033.
19, 107
What are the prime factors of 36953?
7, 5279
List the prime factors of 3056.
2, 191
List the prime factors of 3291.
3, 1097
What are the prime factors of 40273?
17, 23, 103
What are the prime factors of 8526?
2, 3, 7, 29
What are the prime factors of 46397?
13, 43, 83
List the prime factors of 3877.
3877
List the prime factors of 18899.
18899
List the prime factors of 16664.
2, 2083
What are the prime factors of 2405?
5, 13, 37
List the prime factors of 37854.
2, 3, 701
List the prime factors of 1893.
3, 631
List the prime factors of 10072.
2, 1259
What are the prime factors of 877?
877
What are the prime factors of 18029?
11, 149
What are the prime factors of 1129?
1129
List the prime factors of 24742.
2, 89, 139
What are the prime factors of 1250?
2, 5
List the prime factors of 2845.
5, 569
List the prime factors of 365.
5, 73
List the prime factors of 712.
2, 89
What are the prime factors of 100?
2, 5
List the prime factors of 30935.
5, 23, 269
What are the prime factors of 19166?
2, 7, 37
What are the prime factors of 1595?
5, 11, 29
List the prime factors of 3599.
59, 61
What are the prime factors of 3515?
5, 19, 37
What are the prime factors of 6737?
6737
What are the prime factors of 1134?
2, 3, 7
What are the prime factors of 601?
601
List the prime factors of 1939.
7, 277
What are the prime factors of 4572?
2, 3, 127
List the prime factors of 6634.
2, 31, 107
List the prime factors of 859.
859
What are the prime factors of 5779?
5779
What are the prime factors of 3555?
3, 5, 79
List the prime factors of 700.
2, 5, 7
What are the prime factors of 5283?
3, 587
What are the prime factors of 3363?
3, 19, 59
List the prime factors of 10551.
3, 3517
List the prime factors of 18828.
2, 3, 523
List the prime factors of 33857.
33857
What are the prime factors of 57110?
2, 5, 5711
What are the prime factors of 1537?
29, 53
What are the prime factors of 18220?
2, 5, 911
List the prime factors of 3556.
2, 7, 127
List the prime factors of 14029.
14029
What are the prime factors of 933?
3, 311
List the prime factors of 11892.
2, 3, 991
What are the prime factors of 10196?
2, 2549
What are the prime factors of 1652?
2, 7, 59
List the prime factors of 141722.
2, 7, 53, 191
What are the prime factors of 332?
2, 83
List the prime factors of 853.
853
List the prime factors of 1712.
2, 107
List the prime factors of 4176.
2, 3, 29
List the prime factors of 10920.
2, 3, 5, 7, 13
List the prime factors of 678.
2, 3, 113
What are the prime factors of 20310?
2, 3, 5, 677
List the prime factors of 4050.
2, 3, 5
What are the prime factors of 68199?
3, 127, 179
What are the prime factors of 31390?
2, 5, 43, 73
List the prime factors of 4616.
2, 577
List the prime factors of 1066.
2, 13, 41
What are the prime factors of 22890?
2, 3, 5, 7, 109
What are the prime factors of 70429?
70429
What are the prime factors of 34571?
181, 191
What are the prime factors of 1721?
1721
List the prime factors of 17861.
53, 337
List the prime factors of 4011.
3, 7, 191
What are the prime factors of 2484?
2, 3, 23
List the prime factors of 1528.
2, 191
What are the prime factors of 2383?
2383
What are the prime factors of 12622?
2, 6311
What are the prime factors of 148?
2, 37
What are the prime factors of 5537?
7, 113
List the prime factors of 21666.
2, 3, 23, 157
List the prime factors of 4779.
3, 59
List the prime factors of 2740.
2, 5, 137
List the prime factors of 18448.
2, 1153
List the prime factors of 93.
3, 31
List the prime factors of 13661.
19, 719
What are the prime factors of 5084?
2, 31, 41
List the prime factors of 5055.
3, 5, 337
List the prime factors of 2788.
2, 17, 41
List the prime factors of 32072.
2, 19, 211
List the prime factors of 641.
641
What are the prime factors of 9128?
2, 7, 163
What are the prime factors of 78122?
2, 11, 53, 67
List the prime factors of 24493.
7, 3499
What are the prime factors of 1411?
17, 83
What are the prime factors of 36524?
2, 23, 397
List the prime factors of 12684.
2, 3, 7, 151
List the prime factors of 3416.
2, 7, 61
List the prime factors of 7664.
2, 479
List the prime factors of 18960.
2, 3, 5, 79
List the prime factors of 512.
2
What are the prime factors of 190?
2, 5, 19
List the prime factors of 903.
3, 7, 43
What are the prime factors of 1364?
2, 11, 31
What are the prime factors of 227?
227
List the prime factors of 6737.
6737
List the prime factors of 431.
431
What are the prime factors of 292?
2, 73
List the prime factors of 21355.
5, 4271
What are the prime factors of 766?
2, 383
List the prime factors of 227.
227
What are the prime factors of 2524?
2, 631
List the prime factors of 39934.
2, 41, 487
What are the prime factors of 734?
2, 367
List the prime factors of 3532.
2, 883
List the prime factors of 1616.
2, 101
List the prime factors of 116753.
7, 13, 1283
What are the prime factors of 703?
19, 37
What are the prime factors of 502?
2, 251
List the prime factors of 1650.
2, 3, 5, 11
What are the prime factors of 1101?
3, 367
List the prime factors of 12094.
2, 6047
List the prime factors of 6707.
19, 353
What are the prime factors of 93129?
3, 37, 839
What are the prime factors of 26936?
2, 7, 13, 37
What are the prime factors of 823?
823
List the prime factors of 32167.
19, 1693
What are the prime factors of 1686?
2, 3, 281
List the prime factors of 3215.
5, 643
List the prime factors of 9951.
3, 31, 107
List the prime factors of 2561.
13, 197
What are the prime factors of 2376?
2, 3, 11
List the prime factors of 110483.
17, 67, 97
What are the prime factors of 2128?
2, 7, 19
What are the prime factors of 735?
3, 5, 7
List the prime factors of 8322.
2, 3, 19, 73
List the prime factors of 865.
5, 173
What are the prime factors of 18591?
3, 6197
What are the prime factors of 14341?
14341
List the prime factors of 1312.
2, 41
What are the prime factors of 963?
3, 107
What are the prime factors of 13318?
2, 6659
What are the prime factors of 2178?
2, 3, 11
List the prime factors of 19830.
2, 3, 5, 661
List the prime factors of 45096.
2, 3, 1879
What are the prime factors of 1191?
3, 397
What are the prime factors of 50249?
109, 461
What are the prime factors of 4960?
2, 5, 31
List the prime factors of 2100.
2, 3, 5, 7
What are the prime factors of 777?
3, 7, 37
What are the prime factors of 399?
3, 7, 19
What are the prime factors of 932?
2, 233
List the prime factors of 1217.
1217
List the prime factors of 2302.
2, 1151
Lis